l*q, 4*i - 16 = 0. Calculate the highest common factor of 33 and q.
3
Let q = -35 + 20. Let k be (10/q)/(6/(-693)). Let s = 1497 + -1486. What is the highest common divisor of s and k?
11
Let t be (-479)/(-9) + (-14)/63. Suppose -29733 = -101*h - 49*h - 37*h. Calculate the highest common factor of h and t.
53
Let u = -1125 - -1126. Calculate the greatest common divisor of 181 and u.
1
Suppose -103*o = -61*o - 59*o + 6868. What is the highest common factor of o and 4?
4
Let u be 273180/580 - -2*-1*3. What is the highest common factor of u and 3875?
155
Let w = 4350 - 3945. Calculate the highest common factor of w and 171.
9
Suppose -6 = -2*x, 3*o - 326*x - 351 = -331*x. Calculate the highest common divisor of 812 and o.
28
Let b = 60 - 7. Let i = -50 + b. Suppose -i*c + 2*j = -47, -3*c + 0*c = -3*j - 48. What is the highest common divisor of c and 45?
15
Let t(a) = 15*a**2 - 4*a + 5. Let x be t(1). Let y(b) = 3*b**2 - 48*b + 12. Let h be y(x). What is the greatest common factor of h and 78?
6
Suppose -5*a + 91 = -o, -2*a + 5*o = -a - 23. Let b = -6 + a. Calculate the greatest common divisor of b and 48.
12
Let w be (-2 - -4)*(-1)/2. Let y(p) = -4*p**3 + p**2 + 3*p + 2. Let c be y(w). Suppose -c*d + 12 = -20. What is the greatest common factor of d and 16?
8
Let v = -232 + 280. Suppose v*t = 41*t + 3311. Let c = 55 + -12. What is the greatest common divisor of c and t?
43
Let h be 2/3*4*12. Let m(x) = -61*x - 688. Let o be m(-16). Calculate the greatest common factor of h and o.
32
Suppose 2*n - 1622 = -4*z, -5*z + 8*z = 2*n + 1220. Calculate the greatest common divisor of 11977 and z.
203
Let y(n) = 2*n**2 - 241*n - 1485. Let w be y(-6). Calculate the highest common divisor of 110 and w.
11
Let s(a) = -a**3 + 8*a**2 - 4*a. Suppose -47*k - 28 = -51*k. Let q be s(k). Calculate the greatest common factor of q and 5.
1
Let d = -378 - -380. Suppose -2*s + 64 = b, -2*s = -s + d. Suppose 0 = 3*w + 2*w - 20. What is the highest common divisor of w and b?
4
Let f(j) = -j**3 - 14*j**2 + 17*j + 42. Let n(y) = -y**3 + 7*y**2 - 2*y - 1. Let k be n(7). Let w be f(k). Calculate the greatest common factor of w and 16.
4
Let w(n) = -29*n - 143. Let o = 30 - 35. Let t be w(o). Calculate the greatest common divisor of 62 and t.
2
Let z be (-6)/(-15)*(4 - -41). Let l be -18*(-7 + (-9)/(-2) - 2). What is the greatest common divisor of l and z?
9
Let p(n) be the second derivative of 9*n**3 - 203*n**2/2 - 49*n - 2. Let z be p(5). What is the greatest common factor of 201 and z?
67
Suppose -3*c + 5216 + 4575 = -r, 9795 = 3*c + 3*r. What is the greatest common divisor of 306 and c?
102
Suppose 69*o - 68*o + 5 = 0, -j = 5*o + 21. What is the highest common factor of j and 100?
4
Let g = 7874 + -6624. Calculate the highest common divisor of g and 35.
5
Let j(i) = i**3 - 4*i**2 + 4*i. Let b be j(2). Suppose b*x + 316 = x. Suppose -5*m + 564 = -x. What is the greatest common divisor of m and 16?
16
Let q(u) = 32*u**2 - 5*u + 7. Let v be q(-3). Suppose -18*o + 17*o + v = 0. Calculate the highest common factor of o and 10.
10
Let s be 18/((-342)/(-247)) + -2. What is the highest common divisor of 1199 and s?
11
Suppose 0 = 2*g + 5*w - 1 - 65, 2*g + 3*w - 66 = 0. Let m = -31 + 387. Let z = m - 191. What is the greatest common factor of g and z?
33
Suppose -3*j - 4*o = -104, -2*j + 24 = 5*o - 36. Let w(n) = 3*n**2 + n. Let z be w(-3). Calculate the highest common factor of j and z.
8
Suppose -7*l + 9*l = -4*d + 176, -4*l = -5*d - 326. Calculate the greatest common divisor of l and 48.
12
Suppose 5*x + 3*o = 220, 0*o - 2*o + 7*o = 0. Suppose 3*i - 133 = w - 17, 5*w + 541 = 2*i. Let a = w + 217. Calculate the highest common divisor of x and a.
22
Suppose -p + 3*o = -972, -16*p + 14*p = o - 1951. Suppose -j = -w + 138 + 187, -3*w + 5*j = -p. Calculate the highest common divisor of 130 and w.
65
Suppose 5*c = 8*c + 381. Let b(v) = -163*v**2 + 2*v. Let n be b(1). Let u = c - n. What is the highest common divisor of u and 17?
17
Suppose 6 = 4*i + u + u, -10 = -2*u. Let m be -17 - -14 - (0 + i). Let j be -4*((-54)/4 + m/(-2)). What is the highest common divisor of j and 20?
10
Suppose 4*y - 62 + 232 = -d, -y + 3 = 0. Let f = -78 - d. Calculate the greatest common factor of f and 156.
52
Suppose -109*v = 406 - 12614. Calculate the highest common factor of 14252 and v.
28
Let m(f) = -f**2 - 8*f + 7. Let y(g) = -5*g**2 - 31*g + 29. Let n(b) = 9*m(b) - 2*y(b). Let x be n(-17). Calculate the greatest common divisor of x and 16.
16
Let g = -484 + 499. Let t(h) be the third derivative of -h**4/24 + 37*h**3/6 + h**2. Let d be t(g). What is the highest common factor of d and 33?
11
Let j = -117 + 119. Suppose 576 = 2*k - l, j*k - 4*l - 174 - 402 = 0. What is the greatest common divisor of 64 and k?
32
Suppose -23*l - 15*l + 209213 + 271031 = 0. Calculate the greatest common factor of 178 and l.
178
Let t be (-3 - -8)*1 - 3 - -875. Suppose -2*h + t + 599 = 0. What is the highest common divisor of 18 and h?
18
Let w(q) = -17*q - 36. Let s be w(-8). Let g = 572 + -568. Calculate the greatest common factor of s and g.
4
Suppose -11*j + 11 = -10*j. Suppose j*p = 13*p - 50. What is the highest common divisor of 10 and p?
5
Let h be (-4 - 4*(4 - 5)) + 4. Let b be h/8*(68 + 2). Calculate the highest common factor of b and 140.
35
Let a(y) = -y**2 + 25*y + 160. Let h be a(30). Calculate the highest common factor of 1460 and h.
10
Let o(j) = j**3 + 118*j**2 - 228*j + 1480. Let z be o(-120). Calculate the highest common divisor of z and 904.
8
Suppose 0 = -5*z, 3*z - 2*z - 126 = 3*x. Let u = 44 + x. Suppose 0*s - 12 = -s - 2*f, -4 = 3*s - u*f. Calculate the highest common factor of s and 4.
2
Suppose 85*f - 3000 - 29025 = 64*f. Calculate the greatest common divisor of f and 427.
61
Suppose -4*o - n + 99 = 0, 4*n + n - 79 = -4*o. Let h = -1289 - -1887. Calculate the highest common divisor of o and h.
26
Let c be ((-12)/9)/((-2)/162*3)*1. Calculate the greatest common divisor of 387 and c.
9
Suppose -4*m + 1395 - 1344 = 3*n, -4*m + 86 = -2*n. Let t(s) = -8*s. Let o be t(-3). Let v = 51 - o. Calculate the highest common divisor of m and v.
9
Let n be 1070*((-44)/99)/((14/45)/(-7)). What is the highest common divisor of 100 and n?
100
Suppose v - 3*v - 3*g + 197 = 0, -14 = -2*g. Let i(p) = -p**2 + 11*p - 6. Let y be i(5). Let q = -16 + y. What is the highest common divisor of q and v?
8
Let a(j) = j**3 + 6*j**2 + 7*j. Let s be a(-4). Suppose s = q - 1. Suppose 20 = -q*l, 3*l + 78 = -3*k + 5*k. What is the greatest common factor of 11 and k?
11
Suppose 5*n - 2*j = -1175, 15*j - 10 = 17*j. Let o = -207 - n. What is the highest common divisor of o and 750?
30
Suppose -8*k = -4*k - 480. Suppose 0 = 816*f - 859*f - 1376. Let q = k + f. Calculate the greatest common factor of q and 11.
11
Suppose 0 = d + 2*o - 75, -2*d + 619 = o + 493. Let b(p) = 648*p + 1. Let k be b(1). What is the greatest common divisor of d and k?
59
Let n be (82/(-5))/(42/(-1260)). What is the highest common factor of n and 12?
12
Let q = -281 - -142. Let j = 59 - q. Calculate the highest common factor of j and 22.
22
Let g be 6 - (-6 + -132 + -15). Suppose 0*y - 424 = -2*y. What is the highest common divisor of g and y?
53
Let g = 3 - -11. Let l(x) = 28 - 3*x + 20*x + x + 0*x. Let r be l(7). What is the greatest common factor of r and g?
14
Suppose 6*n - 12 = 78. Suppose p - n = -3. Let f(h) = -2*h**3 + 26*h**2 - 11*h - 16. Let u be f(p). What is the greatest common divisor of 14 and u?
14
Let s(y) be the first derivative of y**3/3 + 13*y**2 + 93*y - 141. Let r be s(-23). Let z be 572/6 - (-4)/6. What is the greatest common factor of z and r?
24
Suppose 14*u + 184 = 18*u. Suppose y - 5*y - 2 = -h, -5*h + 2*y = -u. Let x = h - -68. What is the highest common divisor of x and 26?
26
Let m = 376 + -540. Let c be 2/((-8)/m) + -2. Calculate the highest common factor of 3 and c.
3
Let b(d) = 22*d + 271. Let m be b(12). What is the highest common divisor of m and 428?
107
Let t = 37 + -33. Let i(x) = -5*x - 7*x**3 + 0*x**3 - 4*x**2 + t*x + 2*x + 3. Let d be i(-3). What is the greatest common divisor of d and 17?
17
Let t(h) be the third derivative of 0 + 0*h - 35/24*h**4 + 0*h**3 + 16*h**2. Let x be t(-1). Calculate the greatest common divis